{"id":113,"date":"2024-06-22T07:02:23","date_gmt":"2024-06-22T07:02:23","guid":{"rendered":"http:\/\/www.ehrservice.ro\/?page_id=113"},"modified":"2024-06-22T07:02:23","modified_gmt":"2024-06-22T07:02:23","slug":"termeni-si-conditii","status":"publish","type":"page","link":"http:\/\/www.ehrservice.ro\/index.php\/termeni-si-conditii\/","title":{"rendered":"Termeni si conditii"},"content":{"rendered":"\n<p><strong>INTRODUCERE<\/strong><\/p>\n\n\n\n<p>Prezentele Condi\u0163ii Generale definesc condi\u0163iile de utilizare a site-ului www.ehrservice.ro de c\u0103tre poten\u0163ialii vizitatori sau clien\u0163i. Acces\u00e2nd \u015fi navig\u00e2nd pe acest site, accepta\u0163i termenii de utilizare descri\u015fi \u00een continuare.<\/p>\n\n\n\n<p><strong>DREPTURILE ASUPRA CON\u0162INUTULUI SITE-ULUI<\/strong><\/p>\n\n\n\n<p>S.C.Service Macintosh.SRL, nu va transfera titlul de proprietate asupra aplica\u0163iilor software (solu\u0163iile GDPRComplet).<\/p>\n\n\n\n<p> S.C.Service Macintosh.SRL de\u0163ine drepturi complete \u015fi depline asupra titlului de proprietate \u015fi prin aceasta toate drepturile de autor \u015fi cele brevetate. Nu ave\u0163i dreptul s\u0103 redistribui\u0163i, vinde\u0163i, decompila\u0163i, dezasambla\u0163i aplica\u0163ia software \u00eentr-o form\u0103 perceptibil\u0103 de c\u0103tre oameni.<\/p>\n\n\n\n<p>Toate informa\u0163iile, produsele sau aplica\u0163iile con\u0163inute \u00een acest site sunt proprietatea S.C.Service Macintosh.SRL, care \u00ee\u015fi rezerv\u0103 dreptul de a modifica con\u0163inutul \u015fi\/sau structura site-ului \u00een orice moment \u015fi far\u0103 nici o informare prealabil\u0103.<\/p>\n\n\n\n<p><\/p>\n\n\n\n<p><strong>OBIECTIVUL CON\u0162INUTULUI SITE-ULUI<\/strong><\/p>\n\n\n\n<p>Obiectivul con\u0163inutului site-ului este de a transmite informa\u0163ii actualizate \u015fi exacte.<\/p>\n\n\n\n<p>S.C.Service Macintosh.SRL nu poate garanta c\u0103 prezentele pagini nu con\u0163in erori, \u015fi asigur\u0103 c\u0103 va depune toate diligen\u0163ele pentru realizarea unei inform\u0103ri corecte \u015fi remedierea eventualelor erori.<\/p>\n\n\n\n<p>Orice persoan\u0103 care dore\u015fte s\u0103-\u015fi procure unul din serviciile sau produsele prezentate \u00een site este rugat\u0103 s\u0103 contacteze S.C.Service Macintosh.SRL prin unul din mijloacele afi\u015fate \u00een pagina de Contact a site-ului, pentru a se informa at\u00e2t asupra disponibilit\u0103\u0163ii serviciului sau produsului \u00een cauz\u0103 c\u00e2t \u015fi asupra condi\u0163iilor contractuale, tarifelor \u015fi informa\u0163iilor tehnice sau de alt\u0103 natur\u0103.<\/p>\n","protected":false},"excerpt":{"rendered":"<p>INTRODUCERE Prezentele Condi\u0163ii Generale definesc condi\u0163iile de utilizare a site-ului www.ehrservice.ro de c\u0103tre poten\u0163ialii vizitatori sau clien\u0163i. Acces\u00e2nd \u015fi navig\u00e2nd pe acest site, accepta\u0163i termenii de utilizare descri\u015fi \u00een continuare. DREPTURILE ASUPRA CON\u0162INUTULUI SITE-ULUI S.C.Service Macintosh.SRL, nu va transfera titlul de proprietate asupra aplica\u0163iilor software (solu\u0163iile GDPRComplet). S.C.Service Macintosh.SRL de\u0163ine drepturi complete \u015fi depline asupra [&hellip;]<\/p>\n","protected":false},"author":1,"featured_media":0,"parent":0,"menu_order":0,"comment_status":"closed","ping_status":"closed","template":"","meta":{"footnotes":""},"_links":{"self":[{"href":"http:\/\/www.ehrservice.ro\/index.php\/wp-json\/wp\/v2\/pages\/113"}],"collection":[{"href":"http:\/\/www.ehrservice.ro\/index.php\/wp-json\/wp\/v2\/pages"}],"about":[{"href":"http:\/\/www.ehrservice.ro\/index.php\/wp-json\/wp\/v2\/types\/page"}],"author":[{"embeddable":true,"href":"http:\/\/www.ehrservice.ro\/index.php\/wp-json\/wp\/v2\/users\/1"}],"replies":[{"embeddable":true,"href":"http:\/\/www.ehrservice.ro\/index.php\/wp-json\/wp\/v2\/comments?post=113"}],"version-history":[{"count":1,"href":"http:\/\/www.ehrservice.ro\/index.php\/wp-json\/wp\/v2\/pages\/113\/revisions"}],"predecessor-version":[{"id":114,"href":"http:\/\/www.ehrservice.ro\/index.php\/wp-json\/wp\/v2\/pages\/113\/revisions\/114"}],"wp:attachment":[{"href":"http:\/\/www.ehrservice.ro\/index.php\/wp-json\/wp\/v2\/media?parent=113"}],"curies":[{"name":"wp","href":"https:\/\/api.w.org\/{rel}","templated":true}]}}